02
In base 2, what is 11111010111001110 + 1011?
11111010111011001
In base 12, what is -440559 + -2?
-44055b
In base 6, what is 2545 - 1425?
1120
In base 14, what is 3a - 25?
15
In base 3, what is -10 + -122010000?
-122010010
In base 5, what is -3020 + 31?
-2434
In base 5, what is -2 - 4330433?
-4330440
In base 13, what is -2cb9 - -7?
-2cb2
In base 8, what is 11 + 4215?
4226
In base 13, what is 9c - 246?
-177
In base 8, what is 0 - 335610?
-335610
In base 6, what is 55 - -403245?
403344
In base 9, what is -248 - -3326?
3067
In base 2, what is 100111011011101 - 100?
100111011011001
In base 4, what is -33130 - 13223?
-113013
In base 10, what is 162204 - -4?
162208
In base 13, what is 52 - 3b9?
-367
In base 11, what is 1134618 + 3?
1134620
In base 16, what is 3 - 4e3d?
-4e3a
In base 11, what is 22 + -81a3?
-8181
In base 4, what is 11103010 - -3?
11103013
In base 6, what is 23 - -31310?
31333
In base 7, what is 123563 + -10?
123553
In base 10, what is 9 - 27644?
-27635
In base 9, what is 43737 + 107?
43845
In base 14, what is 2a - -8a3?
8cd
In base 2, what is 1000000 + 10010110000011111?
10010110001011111
In base 14, what is -b05 - -1d3?
-912
In base 6, what is 222040 - 2?
222034
In base 8, what is -31615 + -11?
-31626
In base 13, what is -1b33b + 2?
-1b339
In base 6, what is -15 + 343232?
343213
In base 14, what is 3 + 1224?
1227
In base 3, what is 12 - -22222010120?
22222010202
In base 8, what is -46656 + 5?
-46651
In base 3, what is 11 - -112212120100?
112212120111
In base 4, what is 111320201 + -12?
111320123
In base 16, what is -3 + 2c63e?
2c63b
In base 11, what is 1000 + 17?
1017
In base 15, what is 3d - 3852?
-3814
In base 2, what is 11010000100000010 - 100?
11010000011111110
In base 12, what is 1 - 12291?
-12290
In base 14, what is 9ad + 5?
9b4
In base 6, what is -20 - -2225200?
2225140
In base 7, what is -11203 - 316?
-11522
In base 14, what is -2 - bc765?
-bc767
In base 13, what is -3 + 45462?
4545c
In base 2, what is -1001 + 10011100000000?
10011011110111
In base 2, what is 1010001101 + -1100?
1010000001
In base 3, what is -21002021 + -2120?
-21011211
In base 16, what is -43 - -1dfb?
1db8
In base 2, what is 11 - -110101011001101?
110101011010000
In base 12, what is 45 + 965?
9aa
In base 15, what is 7 - a3?
-9b
In base 13, what is -2839c - c?
-283ab
In base 5, what is -111302 + 12?
-111240
In base 15, what is 4637 + -58?
45ce
In base 11, what is -4 + -3216a?
-32173
In base 11, what is -1 - 7297?
-7298
In base 10, what is -28885 + -2?
-28887
In base 15, what is 1 + -1460d?
-1460c
In base 14, what is -14 + -24?
-38
In base 11, what is -19a7 - -185a?
-148
In base 4, what is 31 + -1131312110?
-1131312013
In base 8, what is -154 + -3201?
-3355
In base 2, what is -1101 - 1010001100011011?
-1010001100101000
In base 15, what is -564685 - -3?
-564682
In base 16, what is 1ad - 266?
-b9
In base 16, what is -2c27 + -4?
-2c2b
In base 16, what is 7fe + -4b?
7b3
In base 2, what is -11 - 1110111001111?
-1110111010010
In base 2, what is 111111 + 1011000001000?
1011001000111
In base 4, what is -210 + -3011301?
-3012111
In base 8, what is -20 - -17655?
17635
In base 9, what is 646 + -1473?
-726
In base 5, what is -3 - 14114302?
-14114310
In base 8, what is 15 - 646453?
-646436
In base 10, what is 3823968 - -4?
3823972
In base 3, what is -211002100012 + -11?
-211002100100
In base 3, what is 101202 - -1102?
110011
In base 3, what is -10221212 + 1102?
-10220110
In base 8, what is 4 + 47416?
47422
In base 4, what is 2223103002 - -2?
2223103010
In base 12, what is -3 + -1606?
-1609
In base 14, what is 28 - -39d2?
3a1a
In base 12, what is -6428 - 0?
-6428
In base 10, what is -90699 + 30?
-90669
In base 3, what is 11 - -21000120?
21000201
In base 8, what is 1120 + -2056?
-736
In base 8, what is -47017 + -114?
-47133
In base 5, what is 3144 + -2410?
234
In base 11, what is 4 - 233351?
-233348
In base 3, what is 2200 + 202021?
211221
In base 12, what is 5 + -857b5?
-857b0
In base 12, what is -4 - -6b86?
6b82
In base 7, what is 4202 - -60?
4262
In base 9, what is -118 + 31370?
31251
In base 13, what is -4 - cb4b?
-cb52
In base 4, what is 3321231 + 1103?
3323000
In base 13, what is 7a - -90?
13a
In base 6, what is -122 + 12335?
12213
In base 3, what is -200 - 1002?
-1202
In base 5, what is -13204 - 2144?
-20403
In base 7, what is -4 - -35322?
35315
In base 12, what is b9 - -b7?
1b4
In base 12, what is 569a53 + 4?
569a57
In base 4, what is 20200200 - 10?
20200130
In base 9, what is -4 - -60878?
60874
In base 10, what is 2938041 - 1?
2938040
In base 3, what is -12120 - -2201?
-2212
In base 6, what is 1 + 24045?
24050
In base 4, what is 2232122 + -10?
2232112
In base 5, what is 10 + -223112?
-223102
In base 3, what is 10002 - -111222?
122001
In base 8, what is -6 - -27211?
27203
In base 16, what is -318e4 + 9?
-318db
In base 10, what is 1 - -164712?
164713
In base 9, what is -18 + -158262?
-158281
In base 12, what is 5a + 1bb4?
2052
In base 5, what is -132 - -304403?
304221
In base 6, what is 5105 + -3?
5102
In base 16, what is -101d6 + -2?
-101d8
In base 15, what is -2 - c64e?
-c651
In base 16, what is 5 + -3a5?
-3a0
In base 8, what is 40156 + -41?
40115
In base 11, what is -37 - -1a?
-18
In base 7, what is 4 - -1652322?
1652326
In base 11, what is -172 - 215?
-387
In base 13, what is -a2696 - -2?
-a2694
In base 4, what is -22222 - -13011?
-3211
In base 15, what is -b97 - -10?
-b87
In base 3, what is -110020000000 + 0?
-110020000000
In base 10, what is 3529 + -6?
3523
In base 10, what is -2 + 30800?
30798
In base 9, what is 44741 - 12?
44728
In base 14, what is 243 - -124?
367
In base 8, what is -200 - -25?
-153
In base 4, what is 21000101 + 10?
21000111
In base 14, what is 2b + 96d?
99a
In base 4, what is 222222302 - 1?
222222301
In base 3, what is -121012 - -2120?
-111122
In base 11, what is 0 - 141?
-141
In base 10, what is 497 + -1362?
-865
In base 9, what is -100340 + 61?
-100268
In base 7, what is -1643 + -646?
-2622
In base 3, what is 100210221021 + 12?
100210221110
In base 5, what is 342 - 4030024?
-4024132
In base 6, what is -10 + 32324?
32314
In base 11, what is -4 - 10811?
-10815
In base 8, what is 2341 - -45?
2406
In base 16, what is -32cf - 19?
-32e8
In base 7, what is -1 + 204242?
204241
In base 5, what is 2121202 - -3?
2121210
In base 10, what is -39 + -23?
-62
In base 11, what is 985 + 649?
1523
In base 8, what is 16227 + 10?
16237
In base 11, what is 6 - 3271?
-3266
In base 13, what is -18b4 + -4?
-18b8
In base 10, what is -3 + -33506?
-33509
In base 10, what is 5483 - 2?
5481
In base 5, what is -4 + 11134231?
11134222
In base 2, what is -110101111111011 - 101?
-110110000000000
In base 5, what is 3 - -433124?
433132
In base 15, what is -d643b + -2?
-d643d
In base 10, what is 46 + 700?
746
In base 2, what is 101 + -1100001011010110?
-1100001011010001
In base 15, what is b - 211d?
-2112
In base 12, what is 1 + 11340?
11341
In base 11, what is 21 + 5098?
5109
In base 16, what is -89e40 - 4?
-89e44
In base 12, what is 2 - -9251?
9253
In base 8, what is 3 - 114611?
-114606
In base 7, what is -2 + -650031?
-650033
In base 2, what is 101010101 - 1011?
101001010
In base 5, what is 2142 - -403133?
410330
In base 5, what is -130204 - 3302?
-134011
In base 8, what is 2771 + -16?
2753
In base 3, what is 11 - -2202212210?
2202212221
In base 4, what is 0 - -211002011?
211002011
In base 3, what is -10110010 - -12?
-10102221
In base 5, what is -11142044 + 33?
-11142011
In base 6, what is -41 - 510?
-551
In base 4, what is 1133103 + -10?
1133033
In base 15, what is 11 - -48bd3?
48be4
In base 13, what is 9b4 - -119?
b00
In base 8, what is -1 + 1056747?
1056746
In base 16, what is -2686 - -6?
-2680
In base 2, what is -1 - 1000001010000?
-1000001010001
In base 15, what is 1b57 + 19?
1b71
In base 9, what is 32041 - 2?
32038
In base 10, what is 5 - -13392?
13397
In base 6, what is -13404 + 3445?
-5515
In base 15, what is -19d0 + -22?
-1a02
In base 4, what is -302332 - 0?
-302332
In base 8, what is -1503 - 4406?
-6111
In base 8, what is -673 - 2135?
-3030
In base 7, what is -5436 - -66?
-5340
In base 5, what is 4012012 - 10?
4012002
In base 8, what is -1776 - -272?
-1504
In base 7, what is 22 - 55006?
-54654
In base 15, what is 5 + 5c9b?
5ca1
In base 10, what is -920233 